{"id":44,"date":"2018-02-07T16:40:20","date_gmt":"2018-02-07T15:40:20","guid":{"rendered":"http:\/\/www.zomidi3.mmg.mpg.de\/?page_id=44"},"modified":"2021-02-01T10:40:04","modified_gmt":"2021-02-01T09:40:04","slug":"das-projekt","status":"publish","type":"page","link":"http:\/\/zomidi.de\/?page_id=44","title":{"rendered":"Das Projekt"},"content":{"rendered":"\t\t<div data-elementor-type=\"wp-post\" data-elementor-id=\"44\" class=\"elementor elementor-44\" data-elementor-post-type=\"page\">\n\t\t\t\t\t\t<section class=\"elementor-section elementor-top-section elementor-element elementor-element-5e84abac elementor-section-boxed elementor-section-height-default elementor-section-height-default\" data-id=\"5e84abac\" data-element_type=\"section\">\n\t\t\t\t\t\t<div class=\"elementor-container elementor-column-gap-default\">\n\t\t\t\t\t<div class=\"elementor-column elementor-col-33 elementor-top-column elementor-element elementor-element-25a7f140\" data-id=\"25a7f140\" data-element_type=\"column\">\n\t\t\t<div class=\"elementor-widget-wrap elementor-element-populated\">\n\t\t\t\t\t\t<div class=\"elementor-element elementor-element-4aba2086 elementor-widget elementor-widget-text-editor\" data-id=\"4aba2086\" data-element_type=\"widget\" data-widget_type=\"text-editor.default\">\n\t\t\t\t<div class=\"elementor-widget-container\">\n\t\t\t\t\t\t\t\t\t<p>Zivilgesellschaftliche Organisationen haben eine zentrale Bedeutung f\u00fcr Demokratie und Gesellschaft in L\u00e4ndern wie der Bundesrepublik Deutschland. Gerade im Hinblick auf die Rolle von zivilgesellschaftlichen Organisationen als \u201eInfrastruktur der Zivilgesellschaft\u201c (Hallmann\/Zimmer 2016) ist bedeutsam, wie diese Organisationen mit einer sich migrationsbedingt ver\u00e4ndernden Gesellschaft in ihrer Vielfalt umgehen und die Funktionen der B\u00fcndelung und Artikulation unterschiedlicher Bed\u00fcrfnisse und Interes\u00adsen wahrnehmen. W\u00e4hrend mittlerweile einige Kenntnisse \u00fcber die Merkmale und Motivationen des individuellen Engagements vorliegen, wissen wir relativ wenig \u00fcber die Organisationen, in denen freiwilliges Engagement stattfindet. Das Projekt will wichtige Beitr\u00e4ge zur Schlie\u00dfung dieser Kenntnisl\u00fccke leisten.<\/p>\n<p>Untersucht werden in vier Teilprojekten ausgew\u00e4hlte Organisationen, die bestimmte potentiell benachteiligte Bev\u00f6lkerungsgruppen vertreten. Differenz und Teilhabe sind insofern f\u00fcr sie konstitutiv. Als Partnerorganisa\u00adtionen konnten mit <em>Ver.di<\/em> eine Interessenvertretung von Besch\u00e4ftigten, mit dem <em>Bundesverband der Lebenshilfe<\/em> eine Selbstorganisation und Interessenartikulation von Menschen mit Behinde\u00adrung und deren Angeh\u00f6rigen, mit dem <em>Lesben- und Schwulenverband LSVD<\/em> ein Interessen\u00adverband aus dem organi\u00adsationalen Feld LGBT\/sexuelle Identit\u00e4t sowie mit der <em>Deutschen AIDS-Hilfe<\/em> <em>e.V. <\/em>ein Verband aus dem Feld Gesundheit\/HIV gewonnen werden.<\/p>\n<p>Es handelt sich um ein methodenplurales, <em>multi-sited<\/em> Studiendesign mit Dokumentenauswertungen, qualitativen Interviews, Gruppengespr\u00e4chen, Kartierungs-Workshops und teilnehmender Beobachtung. Die vergleichende Perspektive erm\u00f6glicht es zu unter\u00adsuchen, ob die Organisationen in gleicher Weise auf migrationsbezogenen Wandel reagieren und die Wandel ansto\u00dfenden bzw. behindernden Faktoren \u00e4hnlich sind.<\/p>\n<p>Folgende Fragen sollen im Rahmen dieses Projekts untersucht werden:<\/p>\n<ol>\n<li>In welchen Zusammenh\u00e4ngen werden Menschen \u201emit Migrationshintergrund\u201d f\u00fcr die Einrichtung und ihre Arbeit als relevant erachtet? Wie deuten zivilgesell\u00adschaftliche Organisationen Migration, Migrant*innen und gesellschaftliche Vielfalt?<\/li>\n<li>Mit welchen Strategien und Handlungen wird auf migrationsbezogene Herausfor\u00adderungen und Vielfalt reagiert?<\/li>\n<li>Wie gelingt es den Organisationen, mit einer wachsenden internen Heterogenit\u00e4t umzugehen?<\/li>\n<li>Welche Determinanten des Wandels lassen sich in zivilgesellschaftlichen Organisationen identifizieren?<\/li>\n<\/ol>\n<div><br><\/div>\t\t\t\t\t\t\t\t<\/div>\n\t\t\t\t<\/div>\n\t\t\t\t<div class=\"elementor-element elementor-element-9873f38 elementor-widget elementor-widget-spacer\" data-id=\"9873f38\" data-element_type=\"widget\" data-widget_type=\"spacer.default\">\n\t\t\t\t<div class=\"elementor-widget-container\">\n\t\t\t\t\t\t\t<div class=\"elementor-spacer\">\n\t\t\t<div class=\"elementor-spacer-inner\"><\/div>\n\t\t<\/div>\n\t\t\t\t\t\t<\/div>\n\t\t\t\t<\/div>\n\t\t\t\t\t<\/div>\n\t\t<\/div>\n\t\t\t\t<div class=\"elementor-column elementor-col-33 elementor-top-column elementor-element elementor-element-b22b9f0\" data-id=\"b22b9f0\" data-element_type=\"column\">\n\t\t\t<div class=\"elementor-widget-wrap\">\n\t\t\t\t\t\t\t<\/div>\n\t\t<\/div>\n\t\t\t\t<div class=\"elementor-column elementor-col-33 elementor-top-column elementor-element elementor-element-aff0bc5\" data-id=\"aff0bc5\" data-element_type=\"column\">\n\t\t\t<div class=\"elementor-widget-wrap elementor-element-populated\">\n\t\t\t\t\t\t<div class=\"elementor-element elementor-element-964aa4e elementor-widget elementor-widget-heading\" data-id=\"964aa4e\" data-element_type=\"widget\" data-widget_type=\"heading.default\">\n\t\t\t\t<div class=\"elementor-widget-container\">\n\t\t\t\t\t<h4 class=\"elementor-heading-title elementor-size-default\">Teilprojekte <\/h4>\t\t\t\t<\/div>\n\t\t\t\t<\/div>\n\t\t\t\t<div class=\"elementor-element elementor-element-dab9a0e elementor-widget elementor-widget-text-editor\" data-id=\"dab9a0e\" data-element_type=\"widget\" data-widget_type=\"text-editor.default\">\n\t\t\t\t<div class=\"elementor-widget-container\">\n\t\t\t\t\t\t\t\t\t<p><strong>\u201cInteressenvertretung f\u00fcr Besch\u00e4ftigte\u201d<\/strong><br \/>Humboldt-Universit\u00e4t zu Berlin<br \/>\u2022 Dr. Serhat Karakayali<br \/>\u2022 Dr. Yvonne Albrecht<\/p>\t\t\t\t\t\t\t\t<\/div>\n\t\t\t\t<\/div>\n\t\t\t\t<div class=\"elementor-element elementor-element-7959220 elementor-icon-list--layout-traditional elementor-list-item-link-full_width elementor-widget elementor-widget-icon-list\" data-id=\"7959220\" data-element_type=\"widget\" data-widget_type=\"icon-list.default\">\n\t\t\t\t<div class=\"elementor-widget-container\">\n\t\t\t\t\t\t\t<ul class=\"elementor-icon-list-items\">\n\t\t\t\t\t\t\t<li class=\"elementor-icon-list-item\">\n\t\t\t\t\t\t\t\t\t\t\t<a href=\"https:\/\/www.bim.hu-berlin.de\/de\/projekte\/2018\/04\/01\/2021\/03\/31\/zivilgesellschaftliche-organisationen-und-die-herausforderungen-von-migration-und-diversitaet-agents-of-change-zomidi-teilvorhaben-interessenvertretung-fuer-beschaeftigte\/\" target=\"_blank\">\n\n\t\t\t\t\t\t\t\t\t\t\t\t<span class=\"elementor-icon-list-icon\">\n\t\t\t\t\t\t\t<i aria-hidden=\"true\" class=\"fas fa-globe\"><\/i>\t\t\t\t\t\t<\/span>\n\t\t\t\t\t\t\t\t\t\t<span class=\"elementor-icon-list-text\">LINK ZUR INSTITUTSPROJEKTSEITE<\/span>\n\t\t\t\t\t\t\t\t\t\t\t<\/a>\n\t\t\t\t\t\t\t\t\t<\/li>\n\t\t\t\t\t\t<\/ul>\n\t\t\t\t\t\t<\/div>\n\t\t\t\t<\/div>\n\t\t\t\t<div class=\"elementor-element elementor-element-94e1745 elementor-widget elementor-widget-text-editor\" data-id=\"94e1745\" data-element_type=\"widget\" data-widget_type=\"text-editor.default\">\n\t\t\t\t<div class=\"elementor-widget-container\">\n\t\t\t\t\t\t\t\t\t<p><strong>\u201cGesundheit\/HIV\u201c<\/strong><br \/>Ludwig-Maximilians-Universit\u00e4t M\u00fcnchen<br \/>\u2022 Prof. Dr. Hella von Unger<br \/>\u2022 Dimitra Kostimpas<\/p>\t\t\t\t\t\t\t\t<\/div>\n\t\t\t\t<\/div>\n\t\t\t\t<div class=\"elementor-element elementor-element-1bf3462 elementor-icon-list--layout-traditional elementor-list-item-link-full_width elementor-widget elementor-widget-icon-list\" data-id=\"1bf3462\" data-element_type=\"widget\" data-widget_type=\"icon-list.default\">\n\t\t\t\t<div class=\"elementor-widget-container\">\n\t\t\t\t\t\t\t<ul class=\"elementor-icon-list-items\">\n\t\t\t\t\t\t\t<li class=\"elementor-icon-list-item\">\n\t\t\t\t\t\t\t\t\t\t\t<a href=\"http:\/\/www.qualitative-sozialforschung.soziologie.uni-muenchen.de\/forschung\/forschungsprojekte1\/zomidi\/index.html\" target=\"_blank\">\n\n\t\t\t\t\t\t\t\t\t\t\t\t<span class=\"elementor-icon-list-icon\">\n\t\t\t\t\t\t\t<i aria-hidden=\"true\" class=\"fas fa-globe\"><\/i>\t\t\t\t\t\t<\/span>\n\t\t\t\t\t\t\t\t\t\t<span class=\"elementor-icon-list-text\">LINK ZUR INSTITUTSPROJEKTSEITE<\/span>\n\t\t\t\t\t\t\t\t\t\t\t<\/a>\n\t\t\t\t\t\t\t\t\t<\/li>\n\t\t\t\t\t\t<\/ul>\n\t\t\t\t\t\t<\/div>\n\t\t\t\t<\/div>\n\t\t\t\t<div class=\"elementor-element elementor-element-539b508 elementor-widget elementor-widget-text-editor\" data-id=\"539b508\" data-element_type=\"widget\" data-widget_type=\"text-editor.default\">\n\t\t\t\t<div class=\"elementor-widget-container\">\n\t\t\t\t\t\t\t\t\t<p><strong>\u201cBehinderung\/sexuelle Minderheiten\u201d und Projektkoordination<\/strong><br \/>MPI zur Erforschung multi\u00adreligi\u00f6ser und multiethnischer Gesellschaften G\u00f6ttingen<br \/>\u2022 Prof. Dr. Karen Sch\u00f6nw\u00e4lder<br \/>\u2022 Sanja B\u00f6kle<br \/>\u2022 Dr. Vanessa Rau<\/p>\t\t\t\t\t\t\t\t<\/div>\n\t\t\t\t<\/div>\n\t\t\t\t<div class=\"elementor-element elementor-element-6fd6f2c elementor-icon-list--layout-traditional elementor-list-item-link-full_width elementor-widget elementor-widget-icon-list\" data-id=\"6fd6f2c\" data-element_type=\"widget\" data-widget_type=\"icon-list.default\">\n\t\t\t\t<div class=\"elementor-widget-container\">\n\t\t\t\t\t\t\t<ul class=\"elementor-icon-list-items\">\n\t\t\t\t\t\t\t<li class=\"elementor-icon-list-item\">\n\t\t\t\t\t\t\t\t\t\t\t<a href=\"https:\/\/www.mmg.mpg.de\/329172\/zomidi\" target=\"_blank\">\n\n\t\t\t\t\t\t\t\t\t\t\t\t<span class=\"elementor-icon-list-icon\">\n\t\t\t\t\t\t\t<i aria-hidden=\"true\" class=\"fas fa-globe\"><\/i>\t\t\t\t\t\t<\/span>\n\t\t\t\t\t\t\t\t\t\t<span class=\"elementor-icon-list-text\">LINK ZUR INSTITUTSPROJEKTSEITE<\/span>\n\t\t\t\t\t\t\t\t\t\t\t<\/a>\n\t\t\t\t\t\t\t\t\t<\/li>\n\t\t\t\t\t\t<\/ul>\n\t\t\t\t\t\t<\/div>\n\t\t\t\t<\/div>\n\t\t\t\t\t<\/div>\n\t\t<\/div>\n\t\t\t\t\t<\/div>\n\t\t<\/section>\n\t\t\t\t<\/div>\n\t\t","protected":false},"excerpt":{"rendered":"<p>Zivilgesellschaftliche Organisationen haben eine zentrale Bedeutung f\u00fcr Demokratie und Gesellschaft in L\u00e4ndern wie der Bundesrepublik Deutschland. Gerade im Hinblick auf die Rolle von zivilgesellschaftlichen Organisationen als \u201eInfrastruktur der Zivilgesellschaft\u201c (Hallmann\/Zimmer 2016) ist bedeutsam, wie diese Organisationen mit einer sich migrationsbedingt ver\u00e4ndernden Gesellschaft in ihrer Vielfalt umgehen und die Funktionen der B\u00fcndelung und Artikulation unterschiedlicher Bed\u00fcrfnisse [&hellip;]<\/p>\n","protected":false},"author":2,"featured_media":0,"parent":0,"menu_order":0,"comment_status":"closed","ping_status":"closed","template":"","meta":{"footnotes":""},"class_list":["post-44","page","type-page","status-publish","hentry"],"_links":{"self":[{"href":"http:\/\/zomidi.de\/index.php?rest_route=\/wp\/v2\/pages\/44","targetHints":{"allow":["GET"]}}],"collection":[{"href":"http:\/\/zomidi.de\/index.php?rest_route=\/wp\/v2\/pages"}],"about":[{"href":"http:\/\/zomidi.de\/index.php?rest_route=\/wp\/v2\/types\/page"}],"author":[{"embeddable":true,"href":"http:\/\/zomidi.de\/index.php?rest_route=\/wp\/v2\/users\/2"}],"replies":[{"embeddable":true,"href":"http:\/\/zomidi.de\/index.php?rest_route=%2Fwp%2Fv2%2Fcomments&post=44"}],"version-history":[{"count":12,"href":"http:\/\/zomidi.de\/index.php?rest_route=\/wp\/v2\/pages\/44\/revisions"}],"predecessor-version":[{"id":1726,"href":"http:\/\/zomidi.de\/index.php?rest_route=\/wp\/v2\/pages\/44\/revisions\/1726"}],"wp:attachment":[{"href":"http:\/\/zomidi.de\/index.php?rest_route=%2Fwp%2Fv2%2Fmedia&parent=44"}],"curies":[{"name":"wp","href":"https:\/\/api.w.org\/{rel}","templated":true}]}}